{"id":1388,"date":"2025-01-24T12:47:18","date_gmt":"2025-01-24T10:47:18","guid":{"rendered":"https:\/\/odl.fi\/tyohyvinvointialastensuojeluun\/?page_id=1388"},"modified":"2025-02-05T15:34:45","modified_gmt":"2025-02-05T13:34:45","slug":"tyohyvinvointimateriaalit","status":"publish","type":"page","link":"https:\/\/odl.fi\/tyohyvinvointialastensuojeluun\/tyohyvinvointimateriaalit\/","title":{"rendered":"Ty\u00f6hyvinvointimateriaalit"},"content":{"rendered":"","protected":false},"excerpt":{"rendered":"","protected":false},"author":14,"featured_media":0,"parent":0,"menu_order":0,"comment_status":"closed","ping_status":"closed","template":"","meta":{"_acf_changed":false,"inline_featured_image":false,"footnotes":""},"class_list":["post-1388","page","type-page","status-publish","hentry"],"acf":[],"yoast_head":"<!-- This site is optimized with the Yoast SEO plugin v27.1.1 - https:\/\/yoast.com\/product\/yoast-seo-wordpress\/ -->\n<title>Ty\u00f6hyvinvointimateriaalit - Ty\u00f6hyvinvoinnin edist\u00e4minen sijaishuollossa<\/title>\n<meta name=\"description\" content=\"T\u00e4\u00e4lt\u00e4 l\u00f6yd\u00e4t ty\u00f6hyvinvointiin liittyv\u00e4\u00e4 materiaalia ravitsemuksesta, liikunnasta, unesta ja palautumisesta sek\u00e4 vuorovaikutuksesta.\" \/>\n<meta name=\"robots\" content=\"index, follow, max-snippet:-1, max-image-preview:large, max-video-preview:-1\" \/>\n<link rel=\"canonical\" href=\"https:\/\/odl.fi\/tyohyvinvointialastensuojeluun\/tyohyvinvointimateriaalit\/\" \/>\n<meta property=\"og:locale\" content=\"fi_FI\" \/>\n<meta property=\"og:type\" content=\"article\" \/>\n<meta property=\"og:title\" content=\"Ty\u00f6hyvinvointimateriaalit - Ty\u00f6hyvinvoinnin edist\u00e4minen sijaishuollossa\" \/>\n<meta property=\"og:description\" content=\"T\u00e4\u00e4lt\u00e4 l\u00f6yd\u00e4t ty\u00f6hyvinvointiin liittyv\u00e4\u00e4 materiaalia ravitsemuksesta, liikunnasta, unesta ja palautumisesta sek\u00e4 vuorovaikutuksesta.\" \/>\n<meta property=\"og:url\" content=\"https:\/\/odl.fi\/tyohyvinvointialastensuojeluun\/tyohyvinvointimateriaalit\/\" \/>\n<meta property=\"og:site_name\" content=\"Ty\u00f6hyvinvoinnin edist\u00e4minen sijaishuollossa\" \/>\n<meta property=\"article:modified_time\" content=\"2025-02-05T13:34:45+00:00\" \/>\n<meta name=\"twitter:card\" content=\"summary_large_image\" \/>\n<meta name=\"twitter:label1\" content=\"Arvioitu lukuaika\" \/>\n\t<meta name=\"twitter:data1\" content=\"2 minuuttia\" \/>\n<script type=\"application\/ld+json\" class=\"yoast-schema-graph\">{\"@context\":\"https:\/\/schema.org\",\"@graph\":[{\"@type\":\"WebPage\",\"@id\":\"https:\/\/odl.fi\/tyohyvinvointialastensuojeluun\/tyohyvinvointimateriaalit\/\",\"url\":\"https:\/\/odl.fi\/tyohyvinvointialastensuojeluun\/tyohyvinvointimateriaalit\/\",\"name\":\"Ty\u00f6hyvinvointimateriaalit - Ty\u00f6hyvinvoinnin edist\u00e4minen sijaishuollossa\",\"isPartOf\":{\"@id\":\"https:\/\/odl.fi\/tyohyvinvointialastensuojeluun\/#website\"},\"datePublished\":\"2025-01-24T10:47:18+00:00\",\"dateModified\":\"2025-02-05T13:34:45+00:00\",\"description\":\"T\u00e4\u00e4lt\u00e4 l\u00f6yd\u00e4t ty\u00f6hyvinvointiin liittyv\u00e4\u00e4 materiaalia ravitsemuksesta, liikunnasta, unesta ja palautumisesta sek\u00e4 vuorovaikutuksesta.\",\"breadcrumb\":{\"@id\":\"https:\/\/odl.fi\/tyohyvinvointialastensuojeluun\/tyohyvinvointimateriaalit\/#breadcrumb\"},\"inLanguage\":\"fi\",\"potentialAction\":[{\"@type\":\"ReadAction\",\"target\":[\"https:\/\/odl.fi\/tyohyvinvointialastensuojeluun\/tyohyvinvointimateriaalit\/\"]}]},{\"@type\":\"BreadcrumbList\",\"@id\":\"https:\/\/odl.fi\/tyohyvinvointialastensuojeluun\/tyohyvinvointimateriaalit\/#breadcrumb\",\"itemListElement\":[{\"@type\":\"ListItem\",\"position\":1,\"name\":\"Home\",\"item\":\"https:\/\/odl.fi\/tyohyvinvointialastensuojeluun\/\"},{\"@type\":\"ListItem\",\"position\":2,\"name\":\"Ty\u00f6hyvinvointimateriaalit\"}]},{\"@type\":\"WebSite\",\"@id\":\"https:\/\/odl.fi\/tyohyvinvointialastensuojeluun\/#website\",\"url\":\"https:\/\/odl.fi\/tyohyvinvointialastensuojeluun\/\",\"name\":\"Ty\u00f6hyvinvoinnin edist\u00e4minen sijaishuollossa\",\"description\":\"\",\"potentialAction\":[{\"@type\":\"SearchAction\",\"target\":{\"@type\":\"EntryPoint\",\"urlTemplate\":\"https:\/\/odl.fi\/tyohyvinvointialastensuojeluun\/?s={search_term_string}\"},\"query-input\":{\"@type\":\"PropertyValueSpecification\",\"valueRequired\":true,\"valueName\":\"search_term_string\"}}],\"inLanguage\":\"fi\"}]}<\/script>\n<!-- \/ Yoast SEO plugin. -->","yoast_head_json":{"title":"Ty\u00f6hyvinvointimateriaalit - Ty\u00f6hyvinvoinnin edist\u00e4minen sijaishuollossa","description":"T\u00e4\u00e4lt\u00e4 l\u00f6yd\u00e4t ty\u00f6hyvinvointiin liittyv\u00e4\u00e4 materiaalia ravitsemuksesta, liikunnasta, unesta ja palautumisesta sek\u00e4 vuorovaikutuksesta.","robots":{"index":"index","follow":"follow","max-snippet":"max-snippet:-1","max-image-preview":"max-image-preview:large","max-video-preview":"max-video-preview:-1"},"canonical":"https:\/\/odl.fi\/tyohyvinvointialastensuojeluun\/tyohyvinvointimateriaalit\/","og_locale":"fi_FI","og_type":"article","og_title":"Ty\u00f6hyvinvointimateriaalit - Ty\u00f6hyvinvoinnin edist\u00e4minen sijaishuollossa","og_description":"T\u00e4\u00e4lt\u00e4 l\u00f6yd\u00e4t ty\u00f6hyvinvointiin liittyv\u00e4\u00e4 materiaalia ravitsemuksesta, liikunnasta, unesta ja palautumisesta sek\u00e4 vuorovaikutuksesta.","og_url":"https:\/\/odl.fi\/tyohyvinvointialastensuojeluun\/tyohyvinvointimateriaalit\/","og_site_name":"Ty\u00f6hyvinvoinnin edist\u00e4minen sijaishuollossa","article_modified_time":"2025-02-05T13:34:45+00:00","twitter_card":"summary_large_image","twitter_misc":{"Arvioitu lukuaika":"2 minuuttia"},"schema":{"@context":"https:\/\/schema.org","@graph":[{"@type":"WebPage","@id":"https:\/\/odl.fi\/tyohyvinvointialastensuojeluun\/tyohyvinvointimateriaalit\/","url":"https:\/\/odl.fi\/tyohyvinvointialastensuojeluun\/tyohyvinvointimateriaalit\/","name":"Ty\u00f6hyvinvointimateriaalit - Ty\u00f6hyvinvoinnin edist\u00e4minen sijaishuollossa","isPartOf":{"@id":"https:\/\/odl.fi\/tyohyvinvointialastensuojeluun\/#website"},"datePublished":"2025-01-24T10:47:18+00:00","dateModified":"2025-02-05T13:34:45+00:00","description":"T\u00e4\u00e4lt\u00e4 l\u00f6yd\u00e4t ty\u00f6hyvinvointiin liittyv\u00e4\u00e4 materiaalia ravitsemuksesta, liikunnasta, unesta ja palautumisesta sek\u00e4 vuorovaikutuksesta.","breadcrumb":{"@id":"https:\/\/odl.fi\/tyohyvinvointialastensuojeluun\/tyohyvinvointimateriaalit\/#breadcrumb"},"inLanguage":"fi","potentialAction":[{"@type":"ReadAction","target":["https:\/\/odl.fi\/tyohyvinvointialastensuojeluun\/tyohyvinvointimateriaalit\/"]}]},{"@type":"BreadcrumbList","@id":"https:\/\/odl.fi\/tyohyvinvointialastensuojeluun\/tyohyvinvointimateriaalit\/#breadcrumb","itemListElement":[{"@type":"ListItem","position":1,"name":"Home","item":"https:\/\/odl.fi\/tyohyvinvointialastensuojeluun\/"},{"@type":"ListItem","position":2,"name":"Ty\u00f6hyvinvointimateriaalit"}]},{"@type":"WebSite","@id":"https:\/\/odl.fi\/tyohyvinvointialastensuojeluun\/#website","url":"https:\/\/odl.fi\/tyohyvinvointialastensuojeluun\/","name":"Ty\u00f6hyvinvoinnin edist\u00e4minen sijaishuollossa","description":"","potentialAction":[{"@type":"SearchAction","target":{"@type":"EntryPoint","urlTemplate":"https:\/\/odl.fi\/tyohyvinvointialastensuojeluun\/?s={search_term_string}"},"query-input":{"@type":"PropertyValueSpecification","valueRequired":true,"valueName":"search_term_string"}}],"inLanguage":"fi"}]}},"_links":{"self":[{"href":"https:\/\/odl.fi\/tyohyvinvointialastensuojeluun\/wp-json\/wp\/v2\/pages\/1388","targetHints":{"allow":["GET"]}}],"collection":[{"href":"https:\/\/odl.fi\/tyohyvinvointialastensuojeluun\/wp-json\/wp\/v2\/pages"}],"about":[{"href":"https:\/\/odl.fi\/tyohyvinvointialastensuojeluun\/wp-json\/wp\/v2\/types\/page"}],"author":[{"embeddable":true,"href":"https:\/\/odl.fi\/tyohyvinvointialastensuojeluun\/wp-json\/wp\/v2\/users\/14"}],"replies":[{"embeddable":true,"href":"https:\/\/odl.fi\/tyohyvinvointialastensuojeluun\/wp-json\/wp\/v2\/comments?post=1388"}],"version-history":[{"count":12,"href":"https:\/\/odl.fi\/tyohyvinvointialastensuojeluun\/wp-json\/wp\/v2\/pages\/1388\/revisions"}],"predecessor-version":[{"id":1434,"href":"https:\/\/odl.fi\/tyohyvinvointialastensuojeluun\/wp-json\/wp\/v2\/pages\/1388\/revisions\/1434"}],"wp:attachment":[{"href":"https:\/\/odl.fi\/tyohyvinvointialastensuojeluun\/wp-json\/wp\/v2\/media?parent=1388"}],"curies":[{"name":"wp","href":"https:\/\/api.w.org\/{rel}","templated":true}]}}